 the prime factors of o?
181
Suppose 12*g = 49*g. Let c(j) = 5*j**2 + 4*j - 1. Let a be c(4). Suppose g = -q - 24 + a. What are the prime factors of q?
71
Let l(i) = -2*i**2 + 8*i - 6. Let y(b) = -2*b**3 + b**2 + 2*b + 3. Let q be y(0). Let x be l(q). Let n(r) = r**3 - r + 185. What are the prime factors of n(x)?
5, 37
Let p(i) be the second derivative of i**4/3 - 7*i**3/3 - 20*i**2 - 41*i. What are the prime factors of p(12)?
2, 23
Suppose -5*j + 15 = x - 0*x, 4*j - 2*x = 26. Suppose -5*z + 1676 = -j*t, -10*z + 5*t - 644 = -12*z. What are the prime factors of z?
2, 83
Suppose -2*s - 2*a = s + 1415, -5*a = -5*s - 2325. Let d = 278 + s. Let i = d - -283. What are the prime factors of i?
2, 23
Let h be (4 + -1)*(-21)/(-21). Suppose -13*n = h*n - 7840. What are the prime factors of n?
2, 5, 7
Let a(z) = 2*z + 13*z - 5 + 3*z**2 + z - 35*z. What are the prime factors of a(21)?
919
Let z(q) = 46*q + 9. Let o(g) = 47*g + 8. Let l(p) = 5*o(p) - 6*z(p). Let w be l(-6). Suppose w = 4*u + 60. What are the prime factors of u?
43
Suppose q + 3*n - 4*n = -2, -4*n = 4*q. Let r = -13 + -14. What are the prime factors of (-1)/q - (-1 + r + -3)?
2
Suppose -109*t = -116*t + 12957. Let y = t + -910. List the prime factors of y.
941
Suppose x + 0*x = 2, 0 = 4*i + x + 250. Let v = -64 - i. Let c(f) = 99*f**2 + 4*f + 4. List the prime factors of c(v).
3, 11
Suppose -4*v = 44 - 84. Suppose -v*l - 1608 + 7748 = 0. What are the prime factors of l?
2, 307
Let b = 28983 + -8978. What are the prime factors of b?
5, 4001
What are the prime factors of 82667/2*(-1088)/(-1768)?
2, 6359
Suppose 3*i + 2*i - 2*f = 59, -5*f = 4*i - 34. Suppose -335 = -i*y + 6*y. What are the prime factors of y?
67
Let p(b) = -4 - 81*b + 81*b - b**2. Let i be p(2). Let r(g) = -9*g + 32. List the prime factors of r(i).
2, 13
Suppose 6 + 15 = 7*x. Suppose 963 = 3*y + x*s, 5*s - 4*s - 965 = -3*y. Let k = -217 + y. What are the prime factors of k?
3, 5, 7
Suppose 0 = 3*t + 1 - 109. Let x = 27 - t. What are the prime factors of 2/x + 1968/108?
2, 3
Let i = -12077 + 6815. What are the prime factors of (12/36)/((-2)/i)?
877
Suppose 143319 = 5*i + 5*l - 270546, -3*l = 9. What are the prime factors of i?
2, 3, 3449
Suppose 0 = -a + 28 - 16. Let n be 70/(-22) + a/66. List the prime factors of (-15*7/n)/((-2)/(-8)).
2, 5, 7
Let z be 4/6*(10 - 13) - -693. Let x = z + -335. What are the prime factors of x?
2, 89
Let l(p) = 278*p**3 + 4*p**2 - 8*p + 8. What are the prime factors of l(2)?
2, 3, 31
Suppose 4*a + 762 = 14*k - 13*k, 5*a - 3027 = -4*k. Let v = -291 + k. List the prime factors of v.
467
Suppose -16*g + 240 = -19*g. What are the prime factors of (g/60)/(8/(-174))?
29
Let r(o) = o**2 - 7*o + 1. Let c = 3 - 49. Let u = c - -56. List the prime factors of r(u).
31
Let s(m) = -5*m**3 - 4*m**2 + 4*m - 18. Let d(b) = 6*b**3 + 3*b**2 - 3*b + 19. Let p = 36 + -42. Let r(g) = p*d(g) - 7*s(g). List the prime factors of r(8).
2, 3, 5
Suppose 32872 = 67*s - 59*s. List the prime factors of s.
7, 587
Suppose 0 = -46*i + 38*i + 28176. Suppose -j + 4*s + 979 = 270, i = 5*j + 3*s. List the prime factors of j.
3, 5, 47
Let r = -4407 - -7674. List the prime factors of 20/30*r/6.
3, 11
Suppose 2*u = d - 45420, u = -4*d - 23600 + 205217. What are the prime factors of d?
2, 73, 311
Suppose 0 = -i + 5*r + 18134, -71*r + 72*r = -3*i + 54498. List the prime factors of i.
2, 19, 239
Let u be 24/(-18)*(-42)/4. Let k(q) = 2*q - 24. Let h be k(u). Suppose -h*c = -b - 3*c + 41, 0 = -2*b - 4*c + 100. List the prime factors of b.
2, 11
Let s be 3/6*(-7 - -13). Suppose 0 = -s*w + 5*x + 1626, 3*x = -2*w - 2*w + 2139. What are the prime factors of w?
3, 179
Suppose 0*m = -m - 707. Let l = 1182 + m. What are the prime factors of l?
5, 19
Let t(m) = 7673*m - 45. List the prime factors of t(4).
19, 1613
Let i(d) = d - 51. Let o(a) = 4*a - 152. Let y(w) = -8*i(w) + 3*o(w). Let g be y(13). Suppose g*x - 228 = -52. List the prime factors of x.
2, 11
Suppose -33*s = -20*s - 832. Suppose -5*u = -3*u + y - 20, -4*y = -2*u + 30. Let h = u + s. What are the prime factors of h?
3, 5
Suppose w + 465 = 6*w. Let f = 97 - w. Suppose q + 2*m - f*m - 149 = 0, -3*q = 2*m - 455. List the prime factors of q.
151
Let k be (-2)/(-13) - (-2 + (-185)/65). Suppose 2*i = 4*a + 5*i + 105, 5*a + 175 = k*i. List the prime factors of (-5)/(a/(-4)) + 770/3.
2
Suppose -8*t + 4*t = 2560. Let i = -164 - t. List the prime factors of i.
2, 7, 17
Let t = 8275 + -5753. What are the prime factors of 44/(-220) + t/10?
2, 3, 7
Let k(l) = -7*l - 6*l - 3*l - 78 + 17*l. Let w(i) = 4*i - 235. Let j(u) = -7*k(u) + 2*w(u). List the prime factors of j(0).
2, 19
Let w(n) = 6*n**2 + 46*n + 782. List the prime factors of w(-37).
2, 7, 521
Suppose -x + z + 5324 = 0, -x + z + 15982 = 2*x. List the prime factors of x.
73
Let p(u) = 7 - 194*u**2 + 400*u**2 + 6*u - 201*u**2 + u**3. List the prime factors of p(-3).
7
Let o(n) = 44*n + 173. Let k be o(13). Let c = -214 + k. List the prime factors of c.
3, 59
Suppose 409*f + 408850 = 524*f - 6397655. List the prime factors of f.
3, 109, 181
Let m(r) = -3103*r + 2865. List the prime factors of m(-17).
2, 11, 79
Let q be (3/8*2)/((-24)/(-64)). Suppose -8*r = -q*r - 36. What are the prime factors of ((-1)/(r/9))/((-3)/236)?
2, 59
Let y(f) be the third derivative of 2*f**4/3 + 7*f**3/6 + f**2. Suppose 4*c - 16 = -3*o, -9*o + 6*o + 7 = -5*c. What are the prime factors of y(o)?
71
Let i be (-3)/3 - (-24)/(-1). Let z be 3 + ((-10)/i)/((-3)/30). What are the prime factors of -3 - 0 - (-1 - -63)*z?
59
Let b(o) = 40*o**2 + o + 3. Let y(u) = -5*u + 32. Let k be y(8). Let p = k - -7. What are the prime factors of b(p)?
2, 3, 7
List the prime factors of 248335/5*((-7)/(-7) + 0 + 0).
49667
Let v be (-7 + -20)/(-3)*(-1)/3. Let f(m) = m**3 + 3*m**2 - m - 3. Let q be f(v). Suppose q = -7*l + 995 - 162. List the prime factors of l.
7, 17
Suppose 2*x - 276 = -2*j + 576, -j - 4 = 0. Suppose -c = -7*t + 3*t + x, 3*t + c = 319. List the prime factors of t.
107
Let i = -185 + 42. Let g be -5 + (-1 - i) - (-6)/2. Suppose 3*f - 4*f = 3*h - 368, -g = -h + 4*f. What are the prime factors of h?
2, 31
Let s = 64 + -66. Let w(v) = -10*v - 4. List the prime factors of w(s).
2
Suppose -2*t = -13 - 17. Let s(f) = -12 + 7*f - 9 - 5 + 23 - 13. List the prime factors of s(t).
89
Let r be (53/(-6) - -8)/(1/(-66)). Suppose -r*b + 21241 = -44*b. List the prime factors of b.
1931
Let m be 1*-1 + (-176 - -1). Let t(f) = -22*f - 541. Let o be t(-13). Let r = m - o. What are the prime factors of r?
79
Suppose -49*u = -55*u + 24180. Suppose -9*f - 4*f = -u. List the prime factors of f.
2, 5, 31
Let p(d) = 463*d - 497. List the prime factors of p(38).
3, 41, 139
Let f = 67390 + -38732. List the prime factors of f.
2, 7, 23, 89
Suppose 43*k - 29*k - 70 = 0. Suppose 11*t - k*t = 2580. What are the prime factors of t?
2, 5, 43
Suppose -2*o = -2*d - 4260, 7*o - 3*o = -4*d + 8560. Suppose 6*v - o = 313. What are the prime factors of v?
2, 3, 17
Suppose 4*t = 14*t - 20. Suppose n = -4*z + 14, -3*n - 5*z = -t*n - 17. Suppose -2*b + 232 = -2*i, -232 = -n*b - 4*i + 12. What are the prime factors of b?
2, 59
Suppose w - 14 = 8. Let v(u) = w + 10*u + 3*u - 8*u. What are the prime factors of v(7)?
3, 19
Let w be -6*(1/2)/((-33)/22). Suppose -2*g + 3*g = -2*k + 437, -875 = -w*g - 3*k. List the prime factors of g.
439
Let r(a) = 2*a**2 + 77*a + 44. Let l be r(-38). Let o(s) = 16*s**2 - 3*s - 14. What are the prime factors of o(l)?
2, 17
Suppose 22*c + 3*b = 26*c - 2386, 3*b + 2987 = 5*c. What are the prime factors of c?
601
Let m(j) = 13*j + j**3 + 6 - 11*j**2 - 8 - 3*j**2. Let v be m(13). What are the prime factors of v/(4 + -2)*-106?
2, 53
List the prime factors of 417/12*2624/16.
41, 139
List the prime factors of 1602179/45 + 704/31680.
2, 3, 23, 43
Suppose 7*u = -3*x + 9*u + 26, 29 = 2*x + u. List the prime factors of 9/x - (-18760)/32.
587
What are the prime factors of 14205 - 2/8*48?
3, 19, 83
Suppose s - 8722 = 5*c, s - 2*c - 4432 = 4293. List the prime factors of s.
3, 2909
Let s = 8 - 4. Suppose 3*o - 117 = s*r, 7*o + 111 = 10*o - 2*r. What are the prime factors of o?
5, 7
What are the prime factors of ((-56336)/(-70))/(24/90)?
2, 3, 503
Suppose -672710 = -71*v + 1825638. What are the prim